{"id":1060,"date":"2018-12-05T19:47:26","date_gmt":"2018-12-05T18:47:26","guid":{"rendered":"https:\/\/tww.vilaweb.cat\/botiga\/?post_type=product&#038;p=1060"},"modified":"2025-12-18T12:50:52","modified_gmt":"2025-12-18T11:50:52","slug":"el-diari-del-tio","status":"publish","type":"product","link":"https:\/\/www.vilaweb.cat\/botiga\/producte\/el-diari-del-tio\/","title":{"rendered":"El diari del ti\u00f3"},"content":{"rendered":"<p>I, tamb\u00e9 cont\u00e9 un full d\u2019adhesius per celebrar algunes de les principals festes: La Diada, La Castanyada, Carnaval i Sant Jordi.<\/p>\n","protected":false},"excerpt":{"rendered":"<p>Un diari per anotar els millors records d&#8217;aquesta tradici\u00f3 tan m\u00e0gica.<\/p>\n<p>Inclou un clauer del Nan casteller i adhesius per crear el ti\u00f3 del nan i altres personatges.<\/p>\n","protected":false},"featured_media":1061,"template":"","meta":[],"product_cat":[307,58,102,18,47,93,304],"product_tag":[],"_links":{"self":[{"href":"https:\/\/www.vilaweb.cat\/botiga\/wp-json\/wp\/v2\/product\/1060"}],"collection":[{"href":"https:\/\/www.vilaweb.cat\/botiga\/wp-json\/wp\/v2\/product"}],"about":[{"href":"https:\/\/www.vilaweb.cat\/botiga\/wp-json\/wp\/v2\/types\/product"}],"wp:featuredmedia":[{"embeddable":true,"href":"https:\/\/www.vilaweb.cat\/botiga\/wp-json\/wp\/v2\/media\/1061"}],"wp:attachment":[{"href":"https:\/\/www.vilaweb.cat\/botiga\/wp-json\/wp\/v2\/media?parent=1060"}],"wp:term":[{"taxonomy":"product_cat","embeddable":true,"href":"https:\/\/www.vilaweb.cat\/botiga\/wp-json\/wp\/v2\/product_cat?post=1060"},{"taxonomy":"product_tag","embeddable":true,"href":"https:\/\/www.vilaweb.cat\/botiga\/wp-json\/wp\/v2\/product_tag?post=1060"}],"curies":[{"name":"wp","href":"https:\/\/api.w.org\/{rel}","templated":true}]}}